True
Is 32720347955 a composite number?
True
Is 6977650859 a composite number?
True
Is 6760847609 prime?
True
Is 2726168257 a composite number?
False
Is 191177659 prime?
False
Is 10779435077 prime?
False
Is 18397330547 prime?
True
Is 13165578799 prime?
False
Is 636467669 a prime number?
False
Is 43610455397 composite?
True
Is 32852039459 composite?
False
Is 125156849791 a prime number?
False
Is 965992691 composite?
False
Is 6506614337 composite?
True
Is 47534650573 a prime number?
False
Is 1499921243 composite?
False
Is 11930799641 a composite number?
False
Is 94350900635 composite?
True
Is 34139095855 composite?
True
Is 1496480941 a composite number?
False
Is 1525212635 a composite number?
True
Is 139131722309 composite?
False
Is 110955457527 prime?
False
Is 23951011961 a prime number?
True
Is 780119713 prime?
False
Is 3991206343 a composite number?
False
Is 832340993 a prime number?
False
Is 873791339 composite?
True
Is 2633511434 prime?
False
Is 7907571493 prime?
True
Is 1376628119 a composite number?
False
Is 172291082477 composite?
False
Is 22925974811 prime?
False
Is 22293710057 composite?
False
Is 221957849 prime?
True
Is 6321534559 prime?
False
Is 27071036651 a prime number?
True
Is 242814549801 a prime number?
False
Is 11172727 a composite number?
True
Is 1879215839 prime?
True
Is 118114141 composite?
True
Is 8712832253 a prime number?
True
Is 53834711173 prime?
False
Is 3315104999 a composite number?
False
Is 1444261289 a prime number?
False
Is 17218422145 a composite number?
True
Is 1279578367 a composite number?
True
Is 289989443 prime?
False
Is 1934839006 a composite number?
True
Is 22699782331 composite?
False
Is 2447955289 prime?
False
Is 4563517739 a composite number?
True
Is 22353183131 a prime number?
True
Is 9141522365 a composite number?
True
Is 961814743 a prime number?
False
Is 2658496177 prime?
True
Is 57655461917 composite?
False
Is 68247307 a prime number?
False
Is 408801665 a prime number?
False
Is 731742841 a composite number?
False
Is 61439381 a composite number?
False
Is 2010603779 a prime number?
True
Is 5241832103 a composite number?
False
Is 1200460385357 composite?
False
Is 58466633 a prime number?
False
Is 480607009 prime?
False
Is 1896223787 prime?
True
Is 904090223 a composite number?
False
Is 637104463 composite?
True
Is 22968034373 a composite number?
True
Is 59972065103 a prime number?
True
Is 703556669 composite?
True
Is 85932654109 prime?
False
Is 14051808313 prime?
True
Is 15058982039 a composite number?
True
Is 637646173 a prime number?
False
Is 6177391709 a prime number?
True
Is 30646920511 prime?
False
Is 2451344089 a prime number?
True
Is 163927727 a prime number?
True
Is 7117216791 composite?
True
Is 35978587457 a composite number?
True
Is 13862159303 prime?
False
Is 1811750273 a composite number?
True
Is 10681898207 a prime number?
True
Is 201466361 a prime number?
False
Is 27976744361 composite?
True
Is 53256309 prime?
False
Is 64157601749 prime?
False
Is 4054354859 a composite number?
False
Is 112886999003 prime?
True
Is 1027921651 prime?
False
Is 3580098605 a composite number?
True
Is 986095553 composite?
False
Is 70254284327 a prime number?
False
Is 75523453 composite?
True
Is 92653655179 composite?
True
Is 25521987991 a composite number?
False
Is 55054541 prime?
True
Is 16662356237 a composite number?
True
Is 501879869 composite?
False
Is 8670512441 a prime number?
True
Is 184636772899 a prime number?
True
Is 367936013 a composite number?
True
Is 9481318441 prime?
False
Is 51874132801 a composite number?
False
Is 2145600385 a composite number?
True
Is 116184073 a composite number?
True
Is 8359177669 prime?
True
Is 2364576358 prime?
False
Is 7313639449 prime?
False
Is 8581007009 a composite number?
False
Is 14329038557 composite?
True
Is 8267864911 prime?
True
Is 193234092863 a composite number?
True
Is 1980020401 prime?
False
Is 20860648903 composite?
True
Is 118694429 prime?
False
Is 1565493497 prime?
True
Is 2971589077 a composite number?
False
Is 27211602893 prime?
False
Is 384557269 composite?
True
Is 103955264573 a composite number?
False
Is 3158407861 a composite number?
True
Is 112318207 a prime number?
True
Is 308253115 a composite number?
True
Is 40917470222 a prime number?
False
Is 871937678 a prime number?
False
Is 1685045281 prime?
False
Is 918609899 prime?
True
Is 6651126571 a composite number?
False
Is 321141395981 prime?
False
Is 430205495 a prime number?
False
Is 1359062717 a prime number?
True
Is 13958354929 prime?
True
Is 116746501 prime?
False
Is 26035656005 composite?
True
Is 43972129 prime?
True
Is 154577745007 prime?
False
Is 4860969173 prime?
True
Is 651517057 composite?
True
Is 28915396769 composite?
True
Is 185583347 a prime number?
True
Is 9054269009 prime?
True
Is 4295050051 a prime number?
False
Is 14162320423 a prime number?
True
Is 2480636849 prime?
True
Is 2115738929 prime?
True
Is 752129701 a prime number?
True
Is 525727103 composite?
True
Is 100627421 prime?
True
Is 25436579731 a composite number?
True
Is 50999198231 a composite number?
True
Is 2122495633 composite?
True
Is 1063141451 a prime number?
True
Is 12023870354 prime?
False
Is 7065514769 prime?
False
Is 349533913 prime?
True
Is 69427731151 prime?
True
Is 5804584699 composite?
True
Is 1844084531 prime?
False
Is 338720807 composite?
False
Is 299646329 a composite number?
True
Is 971586911 a composite number?
True
Is 48411137213 a composite number?
True
Is 7664123354 a composite number?
True
Is 1443165161 prime?
True
Is 8873145907 a composite number?
True
Is 334049581 a prime number?
True
Is 5210778037 a prime number?
False
Is 895444411 prime?
True
Is 56316707 composite?
False
Is 9294376835 composite?
True
Is 14359959373 prime?
True
Is 11085565397 composite?
False
Is 645824087 a prime number?
False
Is 19453932907 a prime number?
False
Is 131794571 a prime number?
False
Is 8658121291 a prime number?
False
Is 648672943 a composite number?
True
Is 667102561 prime?
False
Is 6557651 a composite number?
False
Is 675185339 composite?
False
Is 4658241623 a composite number?
True
Is 11894197013 a composite number?
False
Is 49898972977 prime?
False
Is 1967686387 a composite number?
True
Is 85499797909 a composite number?
True
Is 5008243802 a composite number?
True
Is 54413129 composite?
True
Is 874534867 prime?
True
Is 1988084311 composite?
False
Is 13588019015 a composite number?
True
Is 20643537133 a composite number?
False
Is 3135564473 prime?
False
Is 205634878 a composite number?
True
Is 1515229429 a prime number?
False
Is 13979581333 composite?
False
Is 687813443 composite?
False
Is 13147341989 a prime number?
False
Is 8600912711 prime?
False
Is 6670723291 a prime number?
False
Is 100774234439 a prime number?
False
Is 949065659 a composite number?
False
Is 6046551835 a composite number?
True
Is 30157567949 a composite number?
True
Is 170591498477 prime?
True
Is 11127754779 prime?
False
Is 351105397 composite?
True
Is 2338806247 a composite number?
False
Is 1838641559 composite?
False
Is 1987763761 prime?
True
Is 16472595691 prime?
True
Is 1048112101 a prime number?
False
Is 179541352281 prime?
False
Is 995853499 a prime number?
True
Is 281043659047 a prime number?
False
Is 24638402251 composite?
False
Is 6295930217 composite?
False
Is 97064083 prime?
False
Is 2367583733 a composite number?
False
Is 4285873299 a composite number?
True
Is 329045531 a composite number?
False
Is 24370977737 a composite number?
False
Is 3808140163 composite?
False
Is 363233987 a prime number?
True
Is 110758157 composite?
False
Is 99355849 prime?
True
Is 705427831 a prime number?
True
Is 192852503 prime?
True
Is 6640379923 a prime number?
True
Is 20691513221 prime?
True
Is 3351439519 a composite number?
True
Is 10148936671 a composite number?
True
Is 228725323 prime?
True
Is 7371479171 composite?
True
Is 942679711 composite?
False
Is 14700305573 prime?
False
Is 708940129 prime?
True
Is 107789965313 a composite number?
True
Is 186749604401 prime?
False
Is 47065339 a prime number?
False
Is 1810820629 a prime number?
False
Is 832864997 prime?
True
Is 65770975429 composite?
False
Is 232128257399 composite?
True
Is 14031978011 a composite number?
False
Is 70502387 a composite number?
True
Is 1471681637 prime?
False
Is 7789225517 